) + 7*k(z). What is the units digit of c(-6)?
3
Let d = -2 + 14. Suppose -2*j = -5*j + d. What is the units digit of j?
4
Let c = 506 + -249. What is the hundreds digit of c?
2
Let b(i) = -i**2 - 6*i + 8. Let h be (2 + -14)*1/2. What is the units digit of b(h)?
8
Let z(v) = -v**3 - 4*v**2 + 5*v + 3. Let p be z(-5). Suppose p = m - 2. What is the units digit of m?
5
Suppose m = -3*m + 4. Suppose 2*s = 1 + m. What is the units digit of -2 - -16 - (3 - s)?
2
Let n(p) = -p**3 - 9*p**2 - 8*p + 2. Let h be n(-8). Let o = h - 2. Suppose -2*x - 8 = -l - 5*x, -3*x = o. What is the units digit of l?
8
Let k(c) = 2*c - 8. Let g be 15/(-3)*21/(-15). What is the units digit of k(g)?
6
Let a(h) = h**3 - 5*h**2 - 4*h + 6. What is the units digit of a(7)?
6
Let v(n) = -2*n - 9. Let q be v(-6). Suppose 0 = -q*f, 0 = 3*o - 8*o + 2*f + 35. What is the units digit of o?
7
Let y(i) = i**3 + 6*i**2 - 2*i - 1. Let j be y(-6). Suppose 10*l - j*l = -14. What is the units digit of l?
4
Let j = 837 + -532. What is the tens digit of j?
0
Let s be 20/12 - 2/(-6). Suppose 0 = 2*c + s*c. Suppose c = -5*a - 4*t + 14 - 0, -5*a - 5*t + 15 = 0. What is the units digit of a?
2
What is the units digit of (-1 + 0)/(3/(-45))?
5
Let w(o) = o**2 + 2*o - 6. Let q be w(-5). Let h = q - -14. What is the units digit of h?
3
Suppose -32 - 54 = -2*m. What is the units digit of m?
3
Let a = -4 - 0. What is the units digit of (-26 + (-3 - a))*-1?
5
Suppose -3*m = 4*u - 3, 3*u - 2*m + 3*m = -4. What is the tens digit of (u + 9)*22/6?
2
Let g(f) = f**3 - 4*f**2 - 19*f + 5. What is the units digit of g(8)?
9
Suppose 186 = -12*h + 15*h. What is the tens digit of h?
6
Let b = 30 - 14. Suppose -3*a = -4*a + 5. Suppose -b = v - a*c - 43, 0 = -c - 4. What is the units digit of v?
7
What is the units digit of (-10)/3*-27 - (-1 - 0)?
1
What is the units digit of ((-2363)/51)/(((-2)/(-3))/(-2))?
9
Suppose -170 = -9*t + 4*t. What is the tens digit of t?
3
Let g be ((-28)/(-2) + -1)*1. Suppose 2*j + 5*r = -19, 2*j + 0*r - r = -g. Let i(h) = -3*h - 5. What is the units digit of i(j)?
6
Suppose 0 = 5*a - 5 + 10. What is the tens digit of 11 - (-1 - (a + 1))?
1
What is the tens digit of (5*-1)/(-1*1/3)?
1
Let r(c) = c - 4. Let k be r(7). Suppose -76 = -k*n + 4*i, 5*n - 2*i = 90 + 60. What is the tens digit of n?
3
Let x(g) = 3*g + 4. Let b be x(-5). Let l(p) = -p**3 - 11*p**2 + p + 15. What is the units digit of l(b)?
4
Suppose 8*a - 4*a - 56 = -4*z, -4*z = a - 59. What is the units digit of z?
5
Let v(c) = c + 4. Let b be v(-3). Let k be (4/(-1))/((-2)/b). What is the units digit of (5/k + 2)*2?
9
Let q = -7 - -22. Let k be (18/(-15))/((-2)/q). Suppose 0 = -3*v - 0 + k. What is the units digit of v?
3
What is the tens digit of -1 - -94 - 12/(-6)?
9
Let j(a) = 9*a - 7. Suppose -4*x + 1 - 6 = -3*c, 5*c - 3*x = 23. What is the units digit of j(c)?
6
Let z(n) = 3*n**2 - 1. Let j(l) = l**3 + 3*l**2 - 2. Let v be j(-2). Let u(o) = o**3 - 3*o**2 + 2*o - 2. Let f be u(v). What is the units digit of z(f)?
1
Let y(r) = -r**3 + 7*r**2 - r + 1. What is the units digit of y(5)?
6
Let z(n) = n**2 + 6*n + 8. Let w be z(-4). Suppose w = -7*b + 1 + 174. What is the units digit of b?
5
Suppose -16 = 2*l - 130. What is the tens digit of l?
5
Let y(f) = -12*f**3 - 2*f**2 + 1. Let d(b) = b**3 - b**2 + b + 5. Let l be d(0). Suppose -2*u + 2*q + 1 = -5, 3*u + 23 = -l*q. What is the units digit of y(u)?
1
Suppose -5*u - 22 = -3*q, 2*q + 2 = 3*q - 3*u. What is the tens digit of q?
1
Let r(j) = 2*j**3 + 2*j**2 - 5*j - 2. What is the tens digit of r(3)?
5
Suppose 32 = o - 5*o. Let k be (-276)/o*4/6. Suppose -4*s + 9 = -k. What is the units digit of s?
8
Let g = 145 + -69. Let z = 127 - g. What is the units digit of z?
1
What is the units digit of 2 + (4/(-1) - -110)?
8
Suppose 3*b = b - 2. What is the units digit of b + 1 + 43 + -4?
9
Let l be (-6)/(-21) + 822/14. Let i = l + -37. What is the tens digit of i?
2
What is the hundreds digit of (6 - 11)*2/15*-213?
1
Suppose l - 12 = -g, 3*l - g - 54 = -6. What is the units digit of l?
5
Let d(u) = -u - 11. Let c be d(-10). Let r be (c*4)/(1 + 0). What is the units digit of (1 + -3)/(8/r)?
1
Suppose 5*p - 5*y - 1 = p, 0 = 2*p - y - 5. Let c be ((-54)/8)/((-1)/p). Suppose -c = -8*b + 3*b - 3*h, -5*b = 5*h - 35. What is the units digit of b?
3
Let u be (-107)/(-5) + 14/(-35). Suppose -u = -0*j - 3*j. What is the units digit of j?
7
Let l be (1 + 0)*(0 + -3). What is the units digit of (-2)/l - 366/(-18)?
1
Suppose 4*w - 22 = 386. What is the units digit of w?
2
Let d = 66 + 41. What is the units digit of d?
7
Let x(z) = -13*z**2 - z**2 + z**2 + z. Let o be x(-1). What is the units digit of o/(-4) - 2/(-4)?
4
Let n(p) = 16*p**2 + 7*p + 11. What is the tens digit of n(-2)?
6
Let o be 7/(-28) + 113/4. Suppose 4*j - 4*z - 16 = o, -5*j = z - 43. What is the units digit of j?
9
Let o = 10 - 18. Let z(r) = r**3 + 8*r**2 + r + 10. Let v be z(o). What is the units digit of v/4*(-3 - -5)?
1
Suppose 0 = 2*k - m - 27, 3*k + 0*m + 2*m = 44. Suppose o - 3*q + 16 = 0, 4*q + 2 = -2*o - 0. Let v = k + o. What is the units digit of v?
7
Let u(g) = -g**2 - 7*g. Let v be u(-7). Let o be 10 - (-1 - (-1 - v)). Let c = o + -1. What is the units digit of c?
9
Let q be -2 + 4 + -1*11. Let m = q + 20. Let j = m + -1. What is the units digit of j?
0
Let i(l) = 13*l - 4. Let j be i(6). Suppose 0 = 4*f - j - 22. Suppose 3*m - f = -0*m. What is the units digit of m?
8
Let a(z) = -41*z - 7. Let x be a(-5). Let u be (1 + x/(-4))*-2. What is the units digit of u/11 + (-2)/(-11)?
9
Let c be 0 + -1*(0 - 0). Suppose c = -5*z - 16 + 61. What is the units digit of z?
9
What is the units digit of (-306)/(-5) + 64/80?
2
Let g be 1 - ((-3)/(-1) + -4). Suppose y + 6 = g*y. What is the units digit of y?
6
Suppose 2*v = -h + 40, 0*h + 4*h = -4*v + 84. Suppose v + 29 = p - 4*t, 0 = -4*p - 3*t + 154. What is the units digit of p?
0
Suppose 2*i - 585 = -3*i. What is the tens digit of i?
1
Suppose -3*t = 2*y - 15, 0*t + 4*y - 21 = -3*t. Let u be t*7 + 2 + -4. Let a = -5 + u. What is the units digit of a?
4
Let m(h) = -h**2 - 8*h - 8. Let a be m(-6). Suppose -62 = -a*n - 10. What is the tens digit of n?
1
Let t(i) = i**2 - 8*i + 10. Let u be t(7). What is the units digit of (u/9)/(1/3)?
1
Let f(y) = 5*y + 14. What is the units digit of f(5)?
9
Let q(h) = h**2 + 3*h - 8. Let y be q(-6). Suppose 2*z + y = 5*k + 4, 0 = -2*z + 4. What is the units digit of k?
2
Let a = -8 - -14. Let n be 1/(-1*(-1)/a). Suppose 0 = -4*o - 2*x + n, -2*x - x = -4*o + 31. What is the units digit of o?
4
Suppose d - 2 = 0, d + 131 = 5*z + 4*d. Suppose 0 = -4*l + z + 7. Suppose 12 = 4*r + a, r - 3*a - l = -2*a. What is the units digit of r?
4
Suppose -a + 12 = -3*a. What is the units digit of a/(4/(-30)*3)?
5
Suppose 0 = 2*i + 7 - 23. What is the units digit of i?
8
Suppose 2*l = -3*l - 55. Let o = l + 17. What is the units digit of o?
6
Suppose 0*q - 16 = -4*q. Let h(t) = -t**3 + 4*t**2 + 7*t - 5. Let x be h(5). Suppose -q*m = m - x. What is the units digit of m?
1
Let d be (-42)/(2 + (-1)/2). Let p = d + 48. What is the units digit of p?
0
Let y = 5 + 35. What is the tens digit of y?
4
Let o(n) = n. Let k be o(-8). Let m(j) = -j**3 - 8*j**2 - 4*j - 6. What is the tens digit of m(k)?
2
Suppose -2*l = 4*k - 22, -2*l + 4 = -2*k + 2*l. What is the units digit of k?
4
Suppose 0 = -4*k - 4 + 8. What is the units digit of (2/(-6))/(k/(-27))?
9
Let z be 2*4/(-16)*-38. Let y(p) = -p**2 + 10*p - 12. Let s be y(8). Suppose -s*v + 11 = 5*h, 4*v + 0 + z = 5*h. What is the units digit of h?
3
What is the hundreds digit of 4/(-18) + 31689/81 + 7?
3
Suppose -5*s + 12 = a, -2*s - s = -a - 4. Suppose 68 = 5*v + 3*x, 96 = -2*v + 7*v - 4*x. Suppose -s*j + 0*j = -v. What is the units digit of j?
8
Let b = 19 - 16. What is the units digit of (18/(-4))/(b/(-4))?
6
Let l = 0 - 2. What is the units digit of ((l - 0) + 8)*2?
2
Suppose -5*h = 2*k - 12, -1 = -2*h + 3*k - 0. Let l(s) = -3*s - s - 3 + 6*s. What is the units digit of l(h)?
1
Let u(j) = 3*j**2 + 2*j + 1. What is the units digit of u(-2)?
9
Let m be (6 - 0)/(3/2). Suppose -m*i + 4*y = -108, 3*y + y = 0. What is the units digit of i?
7
Let x(v) = v**3 - 7*v**2 - v - 5. Let l = 2 + 5. Let k be x(l). What is the units digit o